{"id":2084,"date":"2024-06-29T00:44:03","date_gmt":"2024-06-29T03:44:03","guid":{"rendered":"https:\/\/sindetranpr.org.br\/?page_id=2084"},"modified":"2026-02-11T18:04:54","modified_gmt":"2026-02-11T21:04:54","slug":"quem-somos","status":"publish","type":"page","link":"https:\/\/sindetranpr.org.br\/?page_id=2084","title":{"rendered":"Quem Somos"},"content":{"rendered":"\n<p>N\u00f3s, do Sindetran-PR, somos uma entidade comprometida com a defesa dos direitos e interesses dos servidores do Detran-PR. Nossa miss\u00e3o \u00e9 representar, fortalecer e lutar por um tr\u00e2nsito mais seguro e inclusivo, com foco na valoriza\u00e7\u00e3o e na melhoria das condi\u00e7\u00f5es de trabalho dos nossos filiados. Nossa entidade nasceu com o prop\u00f3sito de ser uma voz ativa, sempre em busca de conquistar e preservar direitos, promovendo a dignidade no ambiente de trabalho. Ao longo dos anos, conseguimos avan\u00e7os significativos, mas sabemos que a luta \u00e9 cont\u00ednua, e que muitos desafios ainda est\u00e3o por vir. Somos uma entidade que acredita na uni\u00e3o e na for\u00e7a do coletivo. Acreditamos que a \u00fanica maneira de conquistar vit\u00f3rias consistentes \u00e9 por meio da mobiliza\u00e7\u00e3o, do di\u00e1logo e da constru\u00e7\u00e3o coletiva de solu\u00e7\u00f5es que beneficiem todos. Junte-se a n\u00f3s na luta por um trabalho mais digno, por um futuro mais justo e por um tr\u00e2nsito mais seguro. N\u00f3s somos a for\u00e7a que move a mudan\u00e7a, e juntos, podemos fazer a diferen\u00e7a.<\/p>\n","protected":false},"excerpt":{"rendered":"<p>N\u00f3s, do Sindetran-PR, somos uma entidade comprometida com a defesa dos direitos e interesses dos servidores do Detran-PR. Nossa miss\u00e3o \u00e9 representar, fortalecer e lutar por um tr\u00e2nsito mais seguro e inclusivo, com foco na valoriza\u00e7\u00e3o e na melhoria das condi\u00e7\u00f5es de trabalho dos nossos filiados. Nossa entidade nasceu com o prop\u00f3sito de ser uma [&hellip;]<\/p>\n","protected":false},"author":1,"featured_media":0,"parent":2074,"menu_order":0,"comment_status":"closed","ping_status":"closed","template":"","meta":{"om_disable_all_campaigns":false,"_monsterinsights_skip_tracking":false,"_monsterinsights_sitenote_active":false,"_monsterinsights_sitenote_note":"","_monsterinsights_sitenote_category":0,"_uf_show_specific_survey":0,"_uf_disable_surveys":false,"footnotes":""},"class_list":["post-2084","page","type-page","status-publish","hentry"],"aioseo_notices":[],"_links":{"self":[{"href":"https:\/\/sindetranpr.org.br\/index.php?rest_route=\/wp\/v2\/pages\/2084"}],"collection":[{"href":"https:\/\/sindetranpr.org.br\/index.php?rest_route=\/wp\/v2\/pages"}],"about":[{"href":"https:\/\/sindetranpr.org.br\/index.php?rest_route=\/wp\/v2\/types\/page"}],"author":[{"embeddable":true,"href":"https:\/\/sindetranpr.org.br\/index.php?rest_route=\/wp\/v2\/users\/1"}],"replies":[{"embeddable":true,"href":"https:\/\/sindetranpr.org.br\/index.php?rest_route=%2Fwp%2Fv2%2Fcomments&post=2084"}],"version-history":[{"count":2,"href":"https:\/\/sindetranpr.org.br\/index.php?rest_route=\/wp\/v2\/pages\/2084\/revisions"}],"predecessor-version":[{"id":2308,"href":"https:\/\/sindetranpr.org.br\/index.php?rest_route=\/wp\/v2\/pages\/2084\/revisions\/2308"}],"up":[{"embeddable":true,"href":"https:\/\/sindetranpr.org.br\/index.php?rest_route=\/wp\/v2\/pages\/2074"}],"wp:attachment":[{"href":"https:\/\/sindetranpr.org.br\/index.php?rest_route=%2Fwp%2Fv2%2Fmedia&parent=2084"}],"curies":[{"name":"wp","href":"https:\/\/api.w.org\/{rel}","templated":true}]}}